{"id":26,"date":"2017-01-23T17:35:11","date_gmt":"2017-01-23T17:35:11","guid":{"rendered":"http:\/\/derechosysucesiones.com\/web\/?page_id=26"},"modified":"2017-01-23T20:14:48","modified_gmt":"2017-01-23T20:14:48","slug":"acerca-de","status":"publish","type":"page","link":"http:\/\/derechosysucesiones.com\/web\/acerca-de\/","title":{"rendered":"Nuestros Servicios"},"content":{"rendered":"<p><strong>Realizamos Tramites<\/strong><\/p>\n<p>Efectuamos tr\u00e1mites para ciudadanos uruguayos y para extranjeros, hacemos tramites en oficinas p\u00fablicas y privadas.<\/p>\n<p><strong>Abogados, Escribanos y Agentes Inmobiliarios<\/strong><\/p>\n<p>Complementamos y damos servicio para escribanos, abogados y agentes inmobiliarios: si usted es profesional, le daremos soluciones para sus clientes, con absoluta transparencia y confidencialidad.<\/p>\n<p><strong>Que hacemos?<\/strong><\/p>\n<p>Mejoramos la calidad de vida y las relaciones interpersonales de personas, liber\u00e1ndolas de problemas y estr\u00e9s. Creamos valor donde antes no era percibido, pagando por activos que muchas veces no se ven claramente.<br \/>\nComo lo hacemos?<\/p>\n<p>Damos v\u00edas de soluci\u00f3n y salida a situaciones complejas. Compramos el lugar de la persona haci\u00e9ndonos cargo de los procesos y sucesos.<\/p>\n","protected":false},"excerpt":{"rendered":"<p>Realizamos Tramites Efectuamos tr\u00e1mites para ciudadanos uruguayos y para extranjeros, hacemos tramites en oficinas p\u00fablicas y privadas. Abogados, Escribanos y Agentes Inmobiliarios Complementamos y damos servicio para escribanos, abogados y agentes inmobiliarios: si usted es profesional, le daremos soluciones para sus clientes, con absoluta transparencia y confidencialidad. Que hacemos? Mejoramos la calidad de vida y &hellip; <\/p>\n<p class=\"link-more\"><a href=\"http:\/\/derechosysucesiones.com\/web\/acerca-de\/\" class=\"more-link\">Continuar leyendo<span class=\"screen-reader-text\"> \u00abNuestros Servicios\u00bb<\/span><\/a><\/p>\n","protected":false},"author":1,"featured_media":83,"parent":0,"menu_order":0,"comment_status":"closed","ping_status":"closed","template":"","meta":{"footnotes":""},"class_list":["post-26","page","type-page","status-publish","has-post-thumbnail","hentry"],"_links":{"self":[{"href":"http:\/\/derechosysucesiones.com\/web\/wp-json\/wp\/v2\/pages\/26","targetHints":{"allow":["GET"]}}],"collection":[{"href":"http:\/\/derechosysucesiones.com\/web\/wp-json\/wp\/v2\/pages"}],"about":[{"href":"http:\/\/derechosysucesiones.com\/web\/wp-json\/wp\/v2\/types\/page"}],"author":[{"embeddable":true,"href":"http:\/\/derechosysucesiones.com\/web\/wp-json\/wp\/v2\/users\/1"}],"replies":[{"embeddable":true,"href":"http:\/\/derechosysucesiones.com\/web\/wp-json\/wp\/v2\/comments?post=26"}],"version-history":[{"count":4,"href":"http:\/\/derechosysucesiones.com\/web\/wp-json\/wp\/v2\/pages\/26\/revisions"}],"predecessor-version":[{"id":75,"href":"http:\/\/derechosysucesiones.com\/web\/wp-json\/wp\/v2\/pages\/26\/revisions\/75"}],"wp:featuredmedia":[{"embeddable":true,"href":"http:\/\/derechosysucesiones.com\/web\/wp-json\/wp\/v2\/media\/83"}],"wp:attachment":[{"href":"http:\/\/derechosysucesiones.com\/web\/wp-json\/wp\/v2\/media?parent=26"}],"curies":[{"name":"wp","href":"https:\/\/api.w.org\/{rel}","templated":true}]}}